 = -a**3 - 2*a**2 - 4*a + 29. Let l(c) = -6*c**3 - 11*c**2 - 21*c + 144. Let x(q) = 11*i(q) - 2*l(q). What is the units digit of x(0)?
1
What is the units digit of -4*8385/(-54) + (-2)/18?
1
Let z(s) = 81*s - 247. What is the thousands digit of z(17)?
1
Let y = 1011 + 966. What is the tens digit of y?
7
Suppose p = -l + 4056, 20*l - 3*p = 15*l + 20320. What is the thousands digit of l?
4
Suppose -2*o - 5*a = o - 86, 0 = 3*o + 3*a - 90. Suppose -6*g = -4*g - o. What is the units digit of g?
6
Suppose -4*b + 2*v - 4*v = -8292, -b = -2*v - 2078. What is the units digit of b?
4
Suppose -2*i + s + 29 = 3*i, -3*s = 12. Let m(q) = -q**3 + i*q**2 + 0 - 2*q - 5 + 3. What is the units digit of m(4)?
6
Let k = 595 - 223. What is the hundreds digit of k?
3
Let p(n) = 8*n - 2. Let h be p(1). Let m(g) = -g**2 + 11*g - 17. What is the tens digit of m(h)?
1
Let s = 194 + 531. What is the units digit of s?
5
Suppose 6915 = 27*s - 8367. What is the hundreds digit of s?
5
Suppose 2*k + 24160 = 5*l, -k - 4691 = -2*l + 4973. What is the tens digit of l?
3
Let j(q) = -11*q**2 - 7. Suppose a - 33 = -2*a - 5*n, 3*a - 4*n - 6 = 0. Let k(x) = 21*x**2 + 13. Let s(u) = a*k(u) + 11*j(u). What is the tens digit of s(-2)?
2
What is the hundreds digit of 6241/8 - 62/496?
7
Let v be 576/(-270) + (-2)/(-15). Let u(i) = -57*i - 6. What is the tens digit of u(v)?
0
Let r(n) = 124*n**2 - 3*n + 4. Let q be r(2). What is the units digit of (-69)/92 + q/8?
1
Let t(j) = 80*j**2 + 6*j - 8. What is the tens digit of t(2)?
2
What is the units digit of 2273/2 + 45/(-18)?
4
Let b(m) = -m**3 - 2*m**2 + 11*m + 6. Let p be b(-5). Suppose p*s - 192 = 24*s. What is the units digit of s?
6
Let c be -47 - (1 - (-2)/(-1)). Let l = -80 - c. What is the units digit of (-2 - l) + 0 + -3?
9
What is the units digit of 1*(1 - -16*13)?
9
Let o(q) = 3*q**2 + 4*q + 25. Let i be o(-13). Suppose -3*p = 129 - i. What is the units digit of p?
7
Let n(l) = 0*l - 1 + 4*l**3 - l**3 - 4*l**3 + 10*l + 8*l**2. What is the units digit of n(9)?
8
Let y = -596 - -1551. Suppose -y = -5*k - 5*a, a = -12*k + 9*k + 579. What is the hundreds digit of k?
1
Let y(t) = t**2 - 5*t + 4. Let v be y(4). Suppose v*g + 3*g = 36. Suppose o - g = -o. What is the units digit of o?
6
Suppose -1356 = -d - 5*d. Let m = d - 67. What is the units digit of m?
9
Let j(l) = -4*l**3 - 15*l**2 + 21*l + 52. What is the hundreds digit of j(-8)?
9
Let q = -3 + -16. Let i = q + 27. What is the units digit of i?
8
Let q(z) be the first derivative of -4*z**3/3 - 2*z**2 + 5*z - 5. Let l be q(2). Let k = -8 - l. What is the tens digit of k?
1
Let b(l) = l + 25. Let w be b(-18). Let x(r) = 4 - r + 12 - 2. What is the units digit of x(w)?
7
Let d(l) = -l**3 - 2*l**2 + 1. Let g = -22 + 12. Let n = g + 6. What is the tens digit of d(n)?
3
Suppose 94 = -3*z - 32. Let m = z + 84. Suppose -4*i + 50 = -m. What is the units digit of i?
3
Let b = 222 - 76. Let y = b + 28. What is the units digit of y?
4
What is the tens digit of 1993 - 0*(-10)/(-50)?
9
Suppose 5*f = -0*r - r + 25, -f = 5*r - 149. Suppose i - 2*b = r, 5*b + 40 - 127 = -2*i. What is the tens digit of i?
3
Suppose -3*v + 3 = 0, -6*j - 2*v = -8*j + 1806. What is the units digit of j?
4
Suppose -513 - 162 = 5*t. What is the units digit of (t/20)/9*-12?
9
Let u = -1296 - -2186. What is the tens digit of u?
9
Let p(j) = j**2 - j - 3. Let d be p(-2). Suppose -d*z - 6 = -138. What is the tens digit of z?
4
What is the units digit of 15/(-12) + 11979/44 - -2?
3
Let r = 248 + 237. What is the tens digit of r?
8
Let q(l) = 4*l**2 + 306. What is the hundreds digit of q(0)?
3
Suppose 6*b + 20 = 14. What is the tens digit of (-174)/((-1*(1 - 2))/b)?
7
Let q be -4 - (2/(-11) - (-80)/(-44)). What is the tens digit of ((-10)/q)/((-8)/(-312))?
9
Let c(t) = t**2 + 5*t + 9. Let j(u) = -u**2 - 6*u - 4. Let l be j(-6). Let p be c(l). Suppose 186 = p*r - 74. What is the units digit of r?
2
Let a be (-12)/8*1*(-2)/1. Suppose f - 8 = -a*f, 2*x - f - 42 = 0. What is the units digit of x?
2
Suppose -4746 = -14*w - 70. What is the units digit of w?
4
Let h(l) = 2*l**2 - 9*l + 7. Let d be h(6). Suppose 0 = -s + 2*c + 2, -2*s - 3*s - 5*c + d = 0. What is the tens digit of (6*-1)/(s/(-18))?
2
Suppose 6*g - 120 = 3*g. Let t be g*(-3)/3 - 1. Let n = t - -77. What is the tens digit of n?
3
Let n(f) = -f**3 - 24*f**2 - 80*f - 19. What is the thousands digit of n(-23)?
1
Let g = 24 - 12. Suppose -3*c = 12, 2*c - 6*c = 2*u + g. Suppose -u*k + 0*k = y + 3, 29 = 5*y - k. What is the units digit of y?
5
What is the hundreds digit of -5 + (-9)/(54/(-8184)) - -4?
3
Let n be ((-6)/(-15))/(-2*(-2)/(-60)). What is the units digit of 2/n + 104/24?
4
Let j = 464 - 224. Suppose -5*u + j = 5. What is the tens digit of u?
4
Let u(r) = -15*r**3 - 5*r**2 - 8*r - 9. What is the hundreds digit of u(-7)?
9
What is the units digit of (-11852)/(-8) - (-2)/(-12)*9?
0
What is the units digit of -127*(-5 + (3 - -1))?
7
Suppose 4*a + 4*v = -44, 0 = -5*a - v - v - 52. Let n(d) = -9*d - 31. What is the tens digit of n(a)?
5
Suppose -26*y + 22*y = -324. What is the units digit of y?
1
Suppose -31*t + 111 = -540. Let m = -9 + 15. Suppose -3 + t = m*c. What is the units digit of c?
3
Let x(w) = w + 4*w**2 + 4 + 3*w - w. Suppose 2*u = 2*j, -j + 3*j - 6 = 4*u. What is the units digit of x(j)?
1
Suppose 21*h = 1045 - 79. What is the tens digit of h?
4
Suppose 0 = -0*a - a + 18. Let g be (-4)/a - (-106)/(-9). Let n = g + 22. What is the tens digit of n?
1
Suppose 4*l = 4*c + 4, -6*l + 3*l + 4*c = -1. Suppose 16 = l*f - 71. What is the tens digit of f?
2
Let c = -17 - -11. Let a = 10 + c. What is the units digit of (4 - 6)*(-30)/a?
5
Let q = 10136 - 5919. What is the tens digit of q?
1
What is the units digit of 4/5 - 9301/(-355)?
7
Let v be 2 + (-1)/1 + 2. Let n be 60/24*(-6)/(-5). Suppose n*l - v*p = 2*l + 24, -4*l - 3*p + 111 = 0. What is the units digit of l?
7
Suppose -5*p + 27 = -3. Suppose 4*o - 5*o + 8 = 5*c, -4*o = c + p. Suppose 5*w - 160 = -5*q, 5*w + 146 = 6*q - c*q. What is the units digit of q?
4
Suppose 4*h + 2 = -5*j, 3*j - 5*j - 8 = -2*h. Suppose 0*q - 94 = -h*q. What is the units digit of q?
7
Let o be (-8)/(-10)*(-10)/(-4). Suppose r - 10 = 3*y, -3*y + 40 = 4*r - o*y. What is the units digit of (r*5)/(2 + 0)?
5
Suppose -19105 = -30*s + 94415. What is the tens digit of s?
8
Suppose u - 1222 = 3*f, 2*u + 5*f - 600 - 1888 = 0. What is the hundreds digit of u?
2
Let d = 6 + -2. Let t = -13 - -17. What is the tens digit of (-48)/t*(-10)/d?
3
Suppose 3*u + 3*y - 1336 = 3221, 2*u - 3*y - 3018 = 0. What is the thousands digit of u?
1
Let w = -269 + 461. Suppose -w = -5*n + 78. What is the tens digit of n?
5
Let l be (-2873)/(-26) + (-1)/(-2) + 1. Let m = -20 + l. What is the tens digit of m?
9
Let t(z) = -39*z + 128. What is the tens digit of t(-8)?
4
What is the units digit of -188*2/4*152/(-16)?
3
Let t = -55 - -33. Let y = t + 38. Suppose 4*z + 4*q = 108, z - y - 11 = 5*q. What is the units digit of z?
7
Let x = 13 - -8. Let b = 31 - 34. Let d = b + x. What is the units digit of d?
8
What is the thousands digit of (-17532)/(-5) - 406/290?
3
Suppose -2*h + 3*c = 3, 0 = h - 3*h - 3*c + 15. Suppose -h*a = 5*a. Suppose -4*v + 9 + 167 = a. What is the tens digit of v?
4
Suppose 0 = 5*u - f + 2*f - 1649, -4*u - 4*f + 1316 = 0. What is the tens digit of u?
3
Suppose 9*d - 3073 - 2327 = 0. What is the tens digit of d?
0
Let a = -22 + 31. Let q(w) = -w**2 + 10*w - 1. Let o be q(a). Suppose 3*m + 50 = o*m. What is the units digit of m?
0
Suppose 3*z - 2*n + 0*n = 535, -362 = -2*z + 4*n. What is the units digit of z?
7
Let v(w) = 73*w - 1. Let a = 99 + -96. What is the hundreds digit of v(a)?
2
What is the thousands digit of (((-132)/8)/(-3))/((-13)/(-4966))?
2
Let u be (-1)/2*(4 + -8). Suppose -3*a + 38 = 2*t, u*a + 5*t - 16 = 13. Let h(b) = -b**3 + 14*b**2 - 17*b - 12. What is the tens digit of h(a)?
7
Let g = 35 - 33. Suppose c = -4*f + 77, 6*c - g*c = -f + 308. What is the tens digit of c?
7
Let x be (4*(1 + -2))/(-2). Suppose -5*d + 2*d = x*j - 8, -j - 29 = -4*d. What is the tens digit of 5/(-15) + 134/d?
2
Suppose 1448 = 4*l - 4*t - 2396, 5*t - 4825 = -5*l. What is the tens digit of l?
6
Let q = 86 - 74. Let f(l) = l**3 - 11*l**2 - l - 4. What is the t